 - -545547?
545541
In base 7, what is 106224513 - -26?
106224542
In base 12, what is -598225b + 3?
-5982258
In base 9, what is 155522 - -4150?
160672
In base 13, what is 3 + 814c52?
814c55
In base 9, what is -3361 + 367118?
363647
In base 14, what is 11348281 - -3?
11348284
In base 4, what is 1333003 + 301010?
2300013
In base 3, what is 122112 - -11101?
210220
In base 10, what is -1156 - -128835?
127679
In base 3, what is 21022112 + 1112222?
22212111
In base 13, what is 15a77a + -72?
15a708
In base 12, what is -50 - 3173ba5?
-3174035
In base 3, what is -21101 - 211210220?
-212002021
In base 12, what is -9a73 - -b92?
-8aa1
In base 2, what is 1000001110 - -1000011111101010111?
1000100000101100101
In base 9, what is -616235 - -368?
-615756
In base 15, what is -10018a6 + -3?
-10018a9
In base 3, what is 11012012 - -1001121000?
1012210012
In base 4, what is -110303222020 + 10?
-110303222010
In base 10, what is 1 - 4700525?
-4700524
In base 9, what is -632423 - 244?
-632667
In base 14, what is -3907c + 152?
-38d2a
In base 12, what is 39a0 + 760?
4540
In base 11, what is -17a89a + 60?
-17a83a
In base 8, what is -14 - -3076540?
3076524
In base 6, what is -10 + -15300523?
-15300533
In base 7, what is 1102564156 - -13?
1102564202
In base 4, what is -233 + 10310223?
10303330
In base 7, what is -20 - 33313453?
-33313503
In base 14, what is 5d4306 + 5?
5d430b
In base 3, what is -11202021222211111 + 12?
-11202021222211022
In base 15, what is 7d + 332985?
332a13
In base 16, what is -e2ec4d - 5?
-e2ec52
In base 6, what is -505 - -135455434?
135454525
In base 3, what is -122202 - -1110011001202?
1110010102000
In base 2, what is -10000010110000000000011101 + 1?
-10000010110000000000011100
In base 14, what is -1a0b40b7 + 3?
-1a0b40b4
In base 4, what is -333230 - 21101213?
-22101103
In base 15, what is 1392 + 90c?
1c9e
In base 9, what is -734 + 18551?
17716
In base 14, what is 3a261 + -14a?
3a115
In base 8, what is -7 + -15432526?
-15432535
In base 9, what is -3825701 + -132?
-3825833
In base 8, what is -165 - -210365?
210200
In base 4, what is 1213 + 112022?
113301
In base 3, what is 22100 - 1211122?
-1112022
In base 4, what is 2331113101021 - -1?
2331113101022
In base 11, what is 10 + -7235762?
-7235752
In base 15, what is -16c - 108866?
-1089d3
In base 11, what is 475946066 + 4?
47594606a
In base 7, what is -131600 + 1104?
-130463
In base 13, what is 160a3c + -13?
160a29
In base 4, what is 1230312 - 200?
1230112
In base 15, what is -5a - 211a1d?
-211a78
In base 8, what is -16213147 + -5?
-16213154
In base 10, what is -33 - -1280136?
1280103
In base 2, what is -1010101001100010111000110110 + -10?
-1010101001100010111000111000
In base 14, what is 8460cb - 19?
8460b2
In base 12, what is 979b016 - 10?
979b006
In base 6, what is 1152 + 315200?
320352
In base 16, what is 385c69a - 2?
385c698
In base 16, what is 14 + -a4d3b?
-a4d27
In base 11, what is 28302830 - 5?
28302826
In base 14, what is b15 - bd2?
-bb
In base 7, what is -3 + -40252450?
-40252453
In base 5, what is -3 - -10424314340?
10424314332
In base 6, what is 12 + -110331344?
-110331332
In base 3, what is 1010221120122011 - 2?
1010221120122002
In base 7, what is 21 - -43130321?
43130342
In base 3, what is 22000000101 - 1201?
21222221200
In base 9, what is 52675 - 22?
52653
In base 13, what is 103 + 2221ca?
222300
In base 14, what is -1 - 3320b3?
-3320b4
In base 6, what is 1 + 151120031?
151120032
In base 5, what is 43442311 + -122?
43442134
In base 13, what is 305c43 + -2?
305c41
In base 2, what is 10001010100111110101001101 - -10?
10001010100111110101001111
In base 7, what is 14 + 211066005?
211066022
In base 14, what is -75d + -19dd?
-235c
In base 2, what is 101 - 110101001100101010000?
-110101001100101001011
In base 5, what is 1 + 4422304220?
4422304221
In base 15, what is 5d - 63eec5?
-63ee67
In base 14, what is -122 - -4aa?
388
In base 5, what is -2 + -1022210432?
-1022210434
In base 12, what is -8408947 + 0?
-8408947
In base 9, what is -4 - 27173555?
-27173560
In base 3, what is 2212 + 112000102212?
112000112201
In base 3, what is 100 - 10102111211100012?
-10102111211022212
In base 16, what is -11 - 61ea27?
-61ea38
In base 6, what is -411144451 - -15?
-411144432
In base 16, what is 3ea - -30f3?
34dd
In base 12, what is -44b - a1312?
-a1761
In base 3, what is -110201011 - -10202000?
-22222011
In base 7, what is 2441230 - -1065?
2442325
In base 14, what is -20349 + -28bc?
-22c27
In base 3, what is 21101020000 - -100?
21101020100
In base 4, what is -1000023011132 + 2?
-1000023011130
In base 3, what is -201101 + -1000211112?
-1001112220
In base 2, what is 11000010110011101110 + 10110011?
11000010110110100001
In base 9, what is 2302 + 1865?
4267
In base 15, what is -23768 - 47?
-237b0
In base 9, what is -315322 - -38?
-315273
In base 5, what is 4401323 - 133?
4401140
In base 7, what is 24 - 1161410?
-1161353
In base 2, what is -1011001111111100010100011011 + -101?
-1011001111111100010100100000
In base 10, what is -76355047 + 5?
-76355042
In base 11, what is -25 - -1141847?
1141822
In base 11, what is -131 - 226a42?
-227073
In base 16, what is 1299 - 3950f?
-38276
In base 9, what is 67527 - 546?
66871
In base 16, what is -1c5 - -c09?
a44
In base 8, what is 1124 - -1743?
3067
In base 13, what is -36c9 + 789?
-2c40
In base 11, what is -3a61a6 + -1a2?
-3a6398
In base 5, what is -341213 + -2102213?
-2443431
In base 7, what is -1212051 + 16?
-1212032
In base 7, what is -1234233 + 52?
-1234151
In base 15, what is 6c1 + 41d1?
48a2
In base 12, what is 4 + -21353766?
-21353762
In base 7, what is 102321504 + 4?
102321511
In base 3, what is 2012011000 - 120010?
2011120220
In base 3, what is -12 + -1200112010111220?
-1200112010112002
In base 3, what is -1202102020122212 - 12?
-1202102020200001
In base 4, what is -3121222032 + -21?
-3121222113
In base 5, what is 2143 - 2323324?
-2321131
In base 2, what is -110101010 - -100000011101101?
11111101000011
In base 5, what is -214 + -23322130?
-23322344
In base 16, what is 2 - -bdfd43?
bdfd45
In base 11, what is 10a92 + -a2?
109a0
In base 4, what is 11213303 + -10212?
11203031
In base 10, what is 37 + -2600425?
-2600388
In base 9, what is 40582642 - -41?
40582683
In base 4, what is -102232 - -33111003?
33002111
In base 2, what is -11000011100000 - 100?
-11000011100100
In base 9, what is 16 + -1768670?
-1768653
In base 15, what is 207b8 + -6b?
2074c
In base 16, what is 292 + -5fa1?
-5d0f
In base 15, what is -2e9 + -156c?
-1866
In base 4, what is -301222 - -10202302?
3301020
In base 10, what is 3 + -23500515?
-23500512
In base 3, what is 1011201100 - 10101111100?
-2012210000
In base 14, what is -6b22ba - -6?
-6b22b4
In base 12, what is -5 + -1722aa1?
-1722aa6
In base 13, what is -acc + 71c90?
71191
In base 12, what is 1 - 673b32?
-673b31
In base 2, what is 11 + -110011111010101101?
-110011111010101010
In base 4, what is 1 + -2020022123020?
-2020022123013
In base 9, what is -10337374 - 45?
-10337430
In base 2, what is 1110011101101011011101 + -10110?
1110011101101011000111
In base 10, what is -79 - 142284?
-142363
In base 10, what is 8 - -1548168?
1548176
In base 13, what is 226aa8 - 39?
226a6c
In base 15, what is -2 - -125535c?
125535a
In base 5, what is 10 + -204443011244?
-204443011234
In base 12, what is 11825 - -147?
11970
In base 11, what is 17985 + 96?
17a70
In base 6, what is -14441 + -40142?
-55023
In base 11, what is 1047316 + 3?
1047319
In base 5, what is -103231 - -11401434?
11243203
In base 14, what is -34b5ad - 3?
-34b5b2
In base 12, what is bb - 79822?
-79723
In base 8, what is 114023 - 10322?
103501
In base 16, what is -1d - 6c07bd?
-6c07da
In base 9, what is -66 + 7567876?
7567810
In base 12, what is 7a - 472859?
-47279b
In base 11, what is 424a46 - 4?
424a42
In base 2, what is -1101111011110001010100000101 + -11?
-1101111011110001010100001000
In base 2, what is -10010101 - -10011010110101110001?
10011010110011011100
In base 7, what is -2042365 + -641?
-2043336
In base 5, what is -40040212 - -11041?
-40024121
In base 15, what is 7 - -ad1eb45?
ad1eb4c
In base 12, what is 488145 + 173?
4882b8
In base 12, what is 7b8b9a + 4?
7b8ba2
In base 3, what is -11110111021 - -10220?
-11110100101
In base 3, what is 212100 + 21120012?
22102112
In base 5, what is 1032 - 331